{"id":4705,"date":"2020-03-11T12:52:10","date_gmt":"2020-03-11T19:52:10","guid":{"rendered":"https:\/\/labrc.com\/?post_type=tribe_events&#038;p=4705"},"modified":"2020-03-11T12:52:10","modified_gmt":"2020-03-11T19:52:10","slug":"conference-nationale-sur-la-gouvernance-fonciere-et-le-developpement-economique-des-premieres-nations-2019","status":"publish","type":"tribe_events","link":"https:\/\/labrc.com\/fr\/event\/conference-nationale-sur-la-gouvernance-fonciere-et-le-developpement-economique-des-premieres-nations-2019\/","title":{"rendered":"Conf\u00e9rence nationale sur la gouvernance fonci\u00e8re et le d\u00e9veloppement \u00e9conomique des Premi\u00e8res Nations 2019"},"content":{"rendered":"<p>Le Conseil consultatif des terres des Premi\u00e8res Nations (CCT) et le Centre de ressources pour la gestion des terres des Premi\u00e8res Nations inc. (CR), accueillent la 2e conf\u00e9rence nationale sur la gouvernance fonci\u00e8re et le d\u00e9veloppement \u00e9conomique. La conf\u00e9rence se tiendra du 1er au 3 avril 2019 au Centre de convention RBC de Winnipeg, au Manitoba.<\/p>\n<p><strong><a href=\"http:\/\/www.labrcecdev.com\/\">CLIQUEZ ICI<\/a> pour le site Web de la conf\u00e9rence<br \/>\n<\/strong><\/p>\n<p><strong><a href=\"https:\/\/labrc.com\/wp-content\/uploads\/2019\/01\/2019-FN-Land-Governance-and-Ec-Development-Conference-and-Trade-Show-Brochure-V6-Jan-23-2019.pdf\" target=\"_blank\" rel=\"noopener noreferrer\">CLIQUEZ ICI<\/a> pour la brochure de la conf\u00e9rence<\/strong><\/p>\n<p><strong><a href=\"https:\/\/indd.adobe.com\/view\/578ce369-6269-4bef-8f96-e65f6e3f9716\">CLIQUEZ\u00a0 ICI <\/a>pour le prospectus des commanditaires<br \/>\n<\/strong><\/p>\n<p><strong><a href=\"http:\/\/vimeo.com\/labrc\">CLIQUEZ ICI <\/a>pour les enregistrements de la conf\u00e9rence<br \/>\n<\/strong><\/p>\n","protected":false},"excerpt":{"rendered":"<p>Le Conseil consultatif des terres des Premi\u00e8res Nations (CCT) et le Centre de ressources pour la gestion des terres des Premi\u00e8res Nations inc. (CR), accueillent la 2e conf\u00e9rence nationale sur <a href=\"https:\/\/labrc.com\/fr\/event\/conference-nationale-sur-la-gouvernance-fonciere-et-le-developpement-economique-des-premieres-nations-2019\/\"> [&#8230;]<\/a><\/p>\n","protected":false},"author":52,"featured_media":0,"template":"","meta":{"_acf_changed":false,"_exactmetrics_skip_tracking":false,"_tribe_events_status":"","_tribe_events_status_reason":"","_tribe_events_is_hybrid":"","_tribe_events_is_virtual":"","_tribe_events_virtual_video_source":"","_tribe_events_virtual_embed_video":"","_tribe_events_virtual_linked_button_text":"","_tribe_events_virtual_linked_button":"","_tribe_events_virtual_show_embed_at":"","_tribe_events_virtual_show_embed_to":[],"_tribe_events_virtual_show_on_event":"","_tribe_events_virtual_show_on_views":"","_tribe_events_virtual_url":"","footnotes":""},"tags":[],"tribe_events_cat":[299],"class_list":["post-4705","tribe_events","type-tribe_events","status-publish","hentry","tribe_events_cat-conference-fr","cat_conference-fr"],"acf":[],"yoast_head":"<!-- This site is optimized with the Yoast SEO plugin v28.2 - https:\/\/yoast.com\/product\/yoast-seo-wordpress\/ -->\n<title>Conf\u00e9rence nationale sur la gouvernance fonci\u00e8re et le d\u00e9veloppement \u00e9conomique des Premi\u00e8res Nations 2019 &#8226; Centre de ressources sur la gestion des terres des Premi\u00e8res Nations (CR)<\/title>\n<meta name=\"robots\" content=\"index, follow, max-snippet:-1, max-image-preview:large, max-video-preview:-1\" \/>\n<link rel=\"canonical\" href=\"https:\/\/labrc.com\/fr\/event\/conference-nationale-sur-la-gouvernance-fonciere-et-le-developpement-economique-des-premieres-nations-2019\/\" \/>\n<meta property=\"og:locale\" content=\"fr_CA\" \/>\n<meta property=\"og:type\" content=\"article\" \/>\n<meta property=\"og:title\" content=\"Conf\u00e9rence nationale sur la gouvernance fonci\u00e8re et le d\u00e9veloppement \u00e9conomique des Premi\u00e8res Nations 2019 &#8226; Centre de ressources sur la gestion des terres des Premi\u00e8res Nations (CR)\" \/>\n<meta property=\"og:description\" content=\"Le Conseil consultatif des terres des Premi\u00e8res Nations (CCT) et le Centre de ressources pour la gestion des terres des Premi\u00e8res Nations inc. (CR), accueillent la 2e conf\u00e9rence nationale sur [...]\" \/>\n<meta property=\"og:url\" content=\"https:\/\/labrc.com\/fr\/event\/conference-nationale-sur-la-gouvernance-fonciere-et-le-developpement-economique-des-premieres-nations-2019\/\" \/>\n<meta property=\"og:site_name\" content=\"Centre de ressources sur la gestion des terres des Premi\u00e8res Nations (CR)\" \/>\n<meta property=\"article:publisher\" content=\"https:\/\/www.facebook.com\/FNLMRC\/\" \/>\n<meta property=\"og:image\" content=\"https:\/\/labrc.com\/wp-content\/uploads\/2018\/11\/share.png\" \/>\n\t<meta property=\"og:image:width\" content=\"1970\" \/>\n\t<meta property=\"og:image:height\" content=\"777\" \/>\n\t<meta property=\"og:image:type\" content=\"image\/png\" \/>\n<meta name=\"twitter:card\" content=\"summary_large_image\" \/>\n<script type=\"application\/ld+json\" class=\"yoast-schema-graph\">{\"@context\":\"https:\\\/\\\/schema.org\",\"@graph\":[{\"@type\":\"WebPage\",\"@id\":\"https:\\\/\\\/labrc.com\\\/fr\\\/event\\\/conference-nationale-sur-la-gouvernance-fonciere-et-le-developpement-economique-des-premieres-nations-2019\\\/\",\"url\":\"https:\\\/\\\/labrc.com\\\/fr\\\/event\\\/conference-nationale-sur-la-gouvernance-fonciere-et-le-developpement-economique-des-premieres-nations-2019\\\/\",\"name\":\"Conf\u00e9rence nationale sur la gouvernance fonci\u00e8re et le d\u00e9veloppement \u00e9conomique des Premi\u00e8res Nations 2019 &#8226; Centre de ressources sur la gestion des terres des Premi\u00e8res Nations (CR)\",\"isPartOf\":{\"@id\":\"https:\\\/\\\/labrc.com\\\/fr\\\/#website\"},\"datePublished\":\"2020-03-11T19:52:10+00:00\",\"breadcrumb\":{\"@id\":\"https:\\\/\\\/labrc.com\\\/fr\\\/event\\\/conference-nationale-sur-la-gouvernance-fonciere-et-le-developpement-economique-des-premieres-nations-2019\\\/#breadcrumb\"},\"inLanguage\":\"fr-CA\",\"potentialAction\":[{\"@type\":\"ReadAction\",\"target\":[\"https:\\\/\\\/labrc.com\\\/fr\\\/event\\\/conference-nationale-sur-la-gouvernance-fonciere-et-le-developpement-economique-des-premieres-nations-2019\\\/\"]}]},{\"@type\":\"BreadcrumbList\",\"@id\":\"https:\\\/\\\/labrc.com\\\/fr\\\/event\\\/conference-nationale-sur-la-gouvernance-fonciere-et-le-developpement-economique-des-premieres-nations-2019\\\/#breadcrumb\",\"itemListElement\":[{\"@type\":\"ListItem\",\"position\":1,\"name\":\"Home\",\"item\":\"https:\\\/\\\/labrc.com\\\/fr\\\/\"},{\"@type\":\"ListItem\",\"position\":2,\"name\":\"\u00c9v\u00e8nements\",\"item\":\"https:\\\/\\\/labrc.com\\\/fr\\\/events\\\/\"},{\"@type\":\"ListItem\",\"position\":3,\"name\":\"Conf\u00e9rence nationale sur la gouvernance fonci\u00e8re et le d\u00e9veloppement \u00e9conomique des Premi\u00e8res Nations 2019\"}]},{\"@type\":\"WebSite\",\"@id\":\"https:\\\/\\\/labrc.com\\\/fr\\\/#website\",\"url\":\"https:\\\/\\\/labrc.com\\\/fr\\\/\",\"name\":\"Centre de ressources sur la gestion des terres des Premi\u00e8res Nations (CR)\",\"description\":\"The LABRC is the service delivery organization that fulfills the LAB\u2019s technical and administrative responsibilities under the Framework\",\"potentialAction\":[{\"@type\":\"SearchAction\",\"target\":{\"@type\":\"EntryPoint\",\"urlTemplate\":\"https:\\\/\\\/labrc.com\\\/fr\\\/?s={search_term_string}\"},\"query-input\":{\"@type\":\"PropertyValueSpecification\",\"valueRequired\":true,\"valueName\":\"search_term_string\"}}],\"inLanguage\":\"fr-CA\"}]}<\/script>\n<!-- \/ Yoast SEO plugin. -->","yoast_head_json":{"title":"Conf\u00e9rence nationale sur la gouvernance fonci\u00e8re et le d\u00e9veloppement \u00e9conomique des Premi\u00e8res Nations 2019 &#8226; Centre de ressources sur la gestion des terres des Premi\u00e8res Nations (CR)","robots":{"index":"index","follow":"follow","max-snippet":"max-snippet:-1","max-image-preview":"max-image-preview:large","max-video-preview":"max-video-preview:-1"},"canonical":"https:\/\/labrc.com\/fr\/event\/conference-nationale-sur-la-gouvernance-fonciere-et-le-developpement-economique-des-premieres-nations-2019\/","og_locale":"fr_CA","og_type":"article","og_title":"Conf\u00e9rence nationale sur la gouvernance fonci\u00e8re et le d\u00e9veloppement \u00e9conomique des Premi\u00e8res Nations 2019 &#8226; Centre de ressources sur la gestion des terres des Premi\u00e8res Nations (CR)","og_description":"Le Conseil consultatif des terres des Premi\u00e8res Nations (CCT) et le Centre de ressources pour la gestion des terres des Premi\u00e8res Nations inc. (CR), accueillent la 2e conf\u00e9rence nationale sur [...]","og_url":"https:\/\/labrc.com\/fr\/event\/conference-nationale-sur-la-gouvernance-fonciere-et-le-developpement-economique-des-premieres-nations-2019\/","og_site_name":"Centre de ressources sur la gestion des terres des Premi\u00e8res Nations (CR)","article_publisher":"https:\/\/www.facebook.com\/FNLMRC\/","og_image":[{"width":1970,"height":777,"url":"https:\/\/labrc.com\/wp-content\/uploads\/2018\/11\/share.png","type":"image\/png"}],"twitter_card":"summary_large_image","schema":{"@context":"https:\/\/schema.org","@graph":[{"@type":"WebPage","@id":"https:\/\/labrc.com\/fr\/event\/conference-nationale-sur-la-gouvernance-fonciere-et-le-developpement-economique-des-premieres-nations-2019\/","url":"https:\/\/labrc.com\/fr\/event\/conference-nationale-sur-la-gouvernance-fonciere-et-le-developpement-economique-des-premieres-nations-2019\/","name":"Conf\u00e9rence nationale sur la gouvernance fonci\u00e8re et le d\u00e9veloppement \u00e9conomique des Premi\u00e8res Nations 2019 &#8226; Centre de ressources sur la gestion des terres des Premi\u00e8res Nations (CR)","isPartOf":{"@id":"https:\/\/labrc.com\/fr\/#website"},"datePublished":"2020-03-11T19:52:10+00:00","breadcrumb":{"@id":"https:\/\/labrc.com\/fr\/event\/conference-nationale-sur-la-gouvernance-fonciere-et-le-developpement-economique-des-premieres-nations-2019\/#breadcrumb"},"inLanguage":"fr-CA","potentialAction":[{"@type":"ReadAction","target":["https:\/\/labrc.com\/fr\/event\/conference-nationale-sur-la-gouvernance-fonciere-et-le-developpement-economique-des-premieres-nations-2019\/"]}]},{"@type":"BreadcrumbList","@id":"https:\/\/labrc.com\/fr\/event\/conference-nationale-sur-la-gouvernance-fonciere-et-le-developpement-economique-des-premieres-nations-2019\/#breadcrumb","itemListElement":[{"@type":"ListItem","position":1,"name":"Home","item":"https:\/\/labrc.com\/fr\/"},{"@type":"ListItem","position":2,"name":"\u00c9v\u00e8nements","item":"https:\/\/labrc.com\/fr\/events\/"},{"@type":"ListItem","position":3,"name":"Conf\u00e9rence nationale sur la gouvernance fonci\u00e8re et le d\u00e9veloppement \u00e9conomique des Premi\u00e8res Nations 2019"}]},{"@type":"WebSite","@id":"https:\/\/labrc.com\/fr\/#website","url":"https:\/\/labrc.com\/fr\/","name":"Centre de ressources sur la gestion des terres des Premi\u00e8res Nations (CR)","description":"The LABRC is the service delivery organization that fulfills the LAB\u2019s technical and administrative responsibilities under the Framework","potentialAction":[{"@type":"SearchAction","target":{"@type":"EntryPoint","urlTemplate":"https:\/\/labrc.com\/fr\/?s={search_term_string}"},"query-input":{"@type":"PropertyValueSpecification","valueRequired":true,"valueName":"search_term_string"}}],"inLanguage":"fr-CA"}]}},"_links":{"self":[{"href":"https:\/\/labrc.com\/fr\/wp-json\/wp\/v2\/tribe_events\/4705","targetHints":{"allow":["GET"]}}],"collection":[{"href":"https:\/\/labrc.com\/fr\/wp-json\/wp\/v2\/tribe_events"}],"about":[{"href":"https:\/\/labrc.com\/fr\/wp-json\/wp\/v2\/types\/tribe_events"}],"author":[{"embeddable":true,"href":"https:\/\/labrc.com\/fr\/wp-json\/wp\/v2\/users\/52"}],"version-history":[{"count":0,"href":"https:\/\/labrc.com\/fr\/wp-json\/wp\/v2\/tribe_events\/4705\/revisions"}],"wp:attachment":[{"href":"https:\/\/labrc.com\/fr\/wp-json\/wp\/v2\/media?parent=4705"}],"wp:term":[{"taxonomy":"post_tag","embeddable":true,"href":"https:\/\/labrc.com\/fr\/wp-json\/wp\/v2\/tags?post=4705"},{"taxonomy":"tribe_events_cat","embeddable":true,"href":"https:\/\/labrc.com\/fr\/wp-json\/wp\/v2\/tribe_events_cat?post=4705"}],"curies":[{"name":"wp","href":"https:\/\/api.w.org\/{rel}","templated":true}]}}

Conférence nationale sur la gouvernance foncière et le développement économique des Premières Nations 2019

<p>Le Conseil consultatif des terres des Premières Nations (CCT) et le Centre de ressources pour la gestion des terres des Premières Nations inc. (CR), accueillent la 2e conférence nationale sur la gouvernance foncière et le développement économique. La conférence se tiendra du 1er au 3 avril 2019 au Centre de convention RBC de Winnipeg, au Manitoba.</p>
<p><strong><a href="http://www.labrcecdev.com/">CLIQUEZ ICI</a> pour le site Web de la conférence<br />
</strong></p>
<p><strong><a href="https://labrc.com/wp-content/uploads/2019/01/2019-FN-Land-Governance-and-Ec-Development-Conference-and-Trade-Show-Brochure-V6-Jan-23-2019.pdf" target="_blank" rel="noopener noreferrer">CLIQUEZ ICI</a> pour la brochure de la conférence</strong></p>
<p><strong><a href="https://indd.adobe.com/view/578ce369-6269-4bef-8f96-e65f6e3f9716">CLIQUEZ  ICI </a>pour le prospectus des commanditaires<br />
</strong></p>
<p><strong><a href="http://vimeo.com/labrc">CLIQUEZ ICI </a>pour les enregistrements de la conférence<br />
</strong></p>

<p>Le Conseil consultatif des terres des Premières Nations (CCT) et le Centre de ressources pour la gestion des terres des Premières Nations inc. (CR), accueillent la 2e conférence nationale sur <a href="https://labrc.com/fr/event/conference-nationale-sur-la-gouvernance-fonciere-et-le-developpement-economique-des-premieres-nations-2019/"> [&#8230;]</a></p>

<!-- This site is optimized with the Yoast SEO plugin v28.2 - https://yoast.com/product/yoast-seo-wordpress/ -->
<title>Conférence nationale sur la gouvernance foncière et le développement économique des Premières Nations 2019 &#8226; Centre de ressources sur la gestion des terres des Premières Nations (CR)</title>
<meta name="robots" content="index, follow, max-snippet:-1, max-image-preview:large, max-video-preview:-1" />
<link rel="canonical" href="https://labrc.com/fr/event/conference-nationale-sur-la-gouvernance-fonciere-et-le-developpement-economique-des-premieres-nations-2019/" />
<meta property="og:locale" content="fr_CA" />
<meta property="og:type" content="article" />
<meta property="og:title" content="Conférence nationale sur la gouvernance foncière et le développement économique des Premières Nations 2019 &#8226; Centre de ressources sur la gestion des terres des Premières Nations (CR)" />
<meta property="og:description" content="Le Conseil consultatif des terres des Premières Nations (CCT) et le Centre de ressources pour la gestion des terres des Premières Nations inc. (CR), accueillent la 2e conférence nationale sur [...]" />
<meta property="og:url" content="https://labrc.com/fr/event/conference-nationale-sur-la-gouvernance-fonciere-et-le-developpement-economique-des-premieres-nations-2019/" />
<meta property="og:site_name" content="Centre de ressources sur la gestion des terres des Premières Nations (CR)" />
<meta property="article:publisher" content="https://www.facebook.com/FNLMRC/" />
<meta property="og:image" content="https://labrc.com/wp-content/uploads/2018/11/share.png" />
	<meta property="og:image:width" content="1970" />
	<meta property="og:image:height" content="777" />
	<meta property="og:image:type" content="image/png" />
<meta name="twitter:card" content="summary_large_image" />
<script type="application/ld+json" class="yoast-schema-graph">{"@context":"https:\/\/schema.org","@graph":[{"@type":"WebPage","@id":"https:\/\/labrc.com\/fr\/event\/conference-nationale-sur-la-gouvernance-fonciere-et-le-developpement-economique-des-premieres-nations-2019\/","url":"https:\/\/labrc.com\/fr\/event\/conference-nationale-sur-la-gouvernance-fonciere-et-le-developpement-economique-des-premieres-nations-2019\/","name":"Conférence nationale sur la gouvernance foncière et le développement économique des Premières Nations 2019 &#8226; Centre de ressources sur la gestion des terres des Premières Nations (CR)","isPartOf":{"@id":"https:\/\/labrc.com\/fr\/#website"},"datePublished":"2020-03-11T19:52:10+00:00","breadcrumb":{"@id":"https:\/\/labrc.com\/fr\/event\/conference-nationale-sur-la-gouvernance-fonciere-et-le-developpement-economique-des-premieres-nations-2019\/#breadcrumb"},"inLanguage":"fr-CA","potentialAction":[{"@type":"ReadAction","target":["https:\/\/labrc.com\/fr\/event\/conference-nationale-sur-la-gouvernance-fonciere-et-le-developpement-economique-des-premieres-nations-2019\/"]}]},{"@type":"BreadcrumbList","@id":"https:\/\/labrc.com\/fr\/event\/conference-nationale-sur-la-gouvernance-fonciere-et-le-developpement-economique-des-premieres-nations-2019\/#breadcrumb","itemListElement":[{"@type":"ListItem","position":1,"name":"Home","item":"https:\/\/labrc.com\/fr\/"},{"@type":"ListItem","position":2,"name":"Évènements","item":"https:\/\/labrc.com\/fr\/events\/"},{"@type":"ListItem","position":3,"name":"Conférence nationale sur la gouvernance foncière et le développement économique des Premières Nations 2019"}]},{"@type":"WebSite","@id":"https:\/\/labrc.com\/fr\/#website","url":"https:\/\/labrc.com\/fr\/","name":"Centre de ressources sur la gestion des terres des Premières Nations (CR)","description":"The LABRC is the service delivery organization that fulfills the LAB’s technical and administrative responsibilities under the Framework","potentialAction":[{"@type":"SearchAction","target":{"@type":"EntryPoint","urlTemplate":"https:\/\/labrc.com\/fr\/?s={search_term_string}"},"query-input":{"@type":"PropertyValueSpecification","valueRequired":true,"valueName":"search_term_string"}}],"inLanguage":"fr-CA"}]}</script>
<!-- / Yoast SEO plugin. -->

Conférence nationale sur la gouvernance foncière et le développement économique des Premières Nations 2019 &#8226; Centre de ressources sur la gestion des terres des Premières Nations (CR)

Le Conseil consultatif des terres des Premières Nations (CCT) et le Centre de ressources pour la gestion des terres des Premières Nations inc. (CR), accueillent la 2e conférence nationale sur [...]

Centre de ressources sur la gestion des terres des Premières Nations (CR)

Évènements
