{"id":30016,"date":"2022-06-17T07:13:12","date_gmt":"2022-06-17T14:13:12","guid":{"rendered":"https:\/\/labrc.com\/?post_type=tribe_events&#038;p=30016"},"modified":"2022-06-17T07:17:31","modified_gmt":"2022-06-17T14:17:31","slug":"mise-a-jour-sur-les-services-de-police-des-premieres-nations-2022","status":"publish","type":"tribe_events","link":"https:\/\/labrc.com\/fr\/event\/mise-a-jour-sur-les-services-de-police-des-premieres-nations-2022\/","title":{"rendered":"Mise \u00e0 jour sur les services de police des Premi\u00e8res Nations 2022"},"content":{"rendered":"<h2>Conversations nationales en ligne sur les lois autochtones<\/h2>\n<table width=\"624\">\n<tbody>\n<tr>\n<td width=\"84\">Sujet :<\/td>\n<td width=\"540\"><strong><em>Mise \u00e0 jour sur les services de police des Premi\u00e8res Nations 2022<\/em><\/strong><\/td>\n<\/tr>\n<tr>\n<td width=\"84\">Date :<\/td>\n<td width=\"540\">28 juin 2022<\/td>\n<\/tr>\n<tr>\n<td width=\"84\">Heure :<\/td>\n<td width=\"540\">13h \u00e0 14h HNE<\/td>\n<\/tr>\n<\/tbody>\n<\/table>\n<h2 id=\"tw-target-text\" class=\"tw-data-text tw-text-large XcVN5d tw-ta\" dir=\"ltr\" data-placeholder=\"Translation\"><span class=\"Y2IQFc\" lang=\"fr\">S&rsquo;inscrire:<\/span><\/h2>\n<h3 id=\"tw-target-text\" class=\"tw-data-text tw-text-large XcVN5d tw-ta\" dir=\"ltr\" data-placeholder=\"Translation\"><a href=\"https:\/\/NOC-FNPolicingUpdate2022.eventbrite.ca\"><span class=\"Y2IQFc\" lang=\"fr\">Cliquez sur ce lien pour vous inscrire \u00e0 l&rsquo;\u00e9v\u00e9nement<\/span><\/a><\/h3>\n<p>&nbsp;<\/p>\n<h2 id=\"tw-target-text\" class=\"tw-data-text tw-text-large XcVN5d tw-ta\" dir=\"ltr\" data-placeholder=\"Translation\"><span class=\"Y2IQFc\" lang=\"fr\">\u00c0 propos de cet \u00e9v\u00e9nement:<\/span><\/h2>\n<p>Le 28 juin de 13h \u00e0 14h HNE, des repr\u00e9sentants de S\u00e9curit\u00e9 publique Canada donneront un aper\u00e7u de la mobilisation du gouvernement du Canada \u00e0 l\u2019\u00e9gard de l\u2019\u00e9laboration conjointe d\u2019une loi sur les services de police des Premi\u00e8res Nations et r\u00e9pondront \u00e0 vos questions.<\/p>\n","protected":false},"excerpt":{"rendered":"<p>Conversations nationales en ligne sur les lois autochtones Sujet : Mise \u00e0 jour sur les services de police des Premi\u00e8res Nations 2022 Date : 28 juin 2022 Heure : 13h <a href=\"https:\/\/labrc.com\/fr\/event\/mise-a-jour-sur-les-services-de-police-des-premieres-nations-2022\/\"> [&#8230;]<\/a><\/p>\n","protected":false},"author":43,"featured_media":30025,"template":"","meta":{"_acf_changed":false,"_exactmetrics_skip_tracking":false,"_exactmetrics_sitenote_active":false,"_exactmetrics_sitenote_note":"","_exactmetrics_sitenote_category":0,"_tribe_events_status":"","_tribe_events_status_reason":"","_tribe_events_is_hybrid":"","_tribe_events_is_virtual":"","_tribe_events_virtual_video_source":"","_tribe_events_virtual_embed_video":"","_tribe_events_virtual_linked_button_text":"","_tribe_events_virtual_linked_button":"","_tribe_events_virtual_show_embed_at":"","_tribe_events_virtual_show_embed_to":[],"_tribe_events_virtual_show_on_event":"","_tribe_events_virtual_show_on_views":"","_tribe_events_virtual_url":"","footnotes":""},"tags":[657,659,658,248],"tribe_events_cat":[656],"class_list":["post-30016","tribe_events","type-tribe_events","status-publish","has-post-thumbnail","hentry","tag-conversations-nationales-en-ligne","tag-lois-autochtones","tag-lois-des-premieres-nations","tag-webinaire","tribe_events_cat-conversations-nationales-en-ligne","cat_conversations-nationales-en-ligne"],"acf":[],"yoast_head":"<!-- This site is optimized with the Yoast SEO plugin v27.3 - https:\/\/yoast.com\/product\/yoast-seo-wordpress\/ -->\n<title>Mise \u00e0 jour sur les services de police des Premi\u00e8res Nations 2022 &#8226; Centre de ressources sur la gestion des terres des Premi\u00e8res Nations (CR)<\/title>\n<meta name=\"robots\" content=\"index, follow, max-snippet:-1, max-image-preview:large, max-video-preview:-1\" \/>\n<link rel=\"canonical\" href=\"https:\/\/labrc.com\/fr\/event\/mise-a-jour-sur-les-services-de-police-des-premieres-nations-2022\/\" \/>\n<meta property=\"og:locale\" content=\"fr_CA\" \/>\n<meta property=\"og:type\" content=\"article\" \/>\n<meta property=\"og:title\" content=\"Mise \u00e0 jour sur les services de police des Premi\u00e8res Nations 2022 &#8226; Centre de ressources sur la gestion des terres des Premi\u00e8res Nations (CR)\" \/>\n<meta property=\"og:description\" content=\"Conversations nationales en ligne sur les lois autochtones Sujet : Mise \u00e0 jour sur les services de police des Premi\u00e8res Nations 2022 Date : 28 juin 2022 Heure : 13h [...]\" \/>\n<meta property=\"og:url\" content=\"https:\/\/labrc.com\/fr\/event\/mise-a-jour-sur-les-services-de-police-des-premieres-nations-2022\/\" \/>\n<meta property=\"og:site_name\" content=\"Centre de ressources sur la gestion des terres des Premi\u00e8res Nations (CR)\" \/>\n<meta property=\"article:publisher\" content=\"https:\/\/www.facebook.com\/FNLMRC\/\" \/>\n<meta property=\"article:modified_time\" content=\"2022-06-17T14:17:31+00:00\" \/>\n<meta property=\"og:image\" content=\"https:\/\/labrc.com\/wp-content\/uploads\/2022\/06\/June-28-2022-FR.jpg\" \/>\n\t<meta property=\"og:image:width\" content=\"1080\" \/>\n\t<meta property=\"og:image:height\" content=\"648\" \/>\n\t<meta property=\"og:image:type\" content=\"image\/jpeg\" \/>\n<meta name=\"twitter:card\" content=\"summary_large_image\" \/>\n<meta name=\"twitter:label1\" content=\"Estimation du temps de lecture\" \/>\n\t<meta name=\"twitter:data1\" content=\"1 minute\" \/>\n<script type=\"application\/ld+json\" class=\"yoast-schema-graph\">{\"@context\":\"https:\\\/\\\/schema.org\",\"@graph\":[{\"@type\":\"WebPage\",\"@id\":\"https:\\\/\\\/labrc.com\\\/fr\\\/event\\\/mise-a-jour-sur-les-services-de-police-des-premieres-nations-2022\\\/\",\"url\":\"https:\\\/\\\/labrc.com\\\/fr\\\/event\\\/mise-a-jour-sur-les-services-de-police-des-premieres-nations-2022\\\/\",\"name\":\"Mise \u00e0 jour sur les services de police des Premi\u00e8res Nations 2022 &#8226; Centre de ressources sur la gestion des terres des Premi\u00e8res Nations (CR)\",\"isPartOf\":{\"@id\":\"https:\\\/\\\/labrc.com\\\/#website\"},\"primaryImageOfPage\":{\"@id\":\"https:\\\/\\\/labrc.com\\\/fr\\\/event\\\/mise-a-jour-sur-les-services-de-police-des-premieres-nations-2022\\\/#primaryimage\"},\"image\":{\"@id\":\"https:\\\/\\\/labrc.com\\\/fr\\\/event\\\/mise-a-jour-sur-les-services-de-police-des-premieres-nations-2022\\\/#primaryimage\"},\"thumbnailUrl\":\"https:\\\/\\\/labrc.com\\\/wp-content\\\/uploads\\\/2022\\\/06\\\/June-28-2022-FR.jpg\",\"datePublished\":\"2022-06-17T14:13:12+00:00\",\"dateModified\":\"2022-06-17T14:17:31+00:00\",\"breadcrumb\":{\"@id\":\"https:\\\/\\\/labrc.com\\\/fr\\\/event\\\/mise-a-jour-sur-les-services-de-police-des-premieres-nations-2022\\\/#breadcrumb\"},\"inLanguage\":\"fr-CA\",\"potentialAction\":[{\"@type\":\"ReadAction\",\"target\":[\"https:\\\/\\\/labrc.com\\\/fr\\\/event\\\/mise-a-jour-sur-les-services-de-police-des-premieres-nations-2022\\\/\"]}]},{\"@type\":\"ImageObject\",\"inLanguage\":\"fr-CA\",\"@id\":\"https:\\\/\\\/labrc.com\\\/fr\\\/event\\\/mise-a-jour-sur-les-services-de-police-des-premieres-nations-2022\\\/#primaryimage\",\"url\":\"https:\\\/\\\/labrc.com\\\/wp-content\\\/uploads\\\/2022\\\/06\\\/June-28-2022-FR.jpg\",\"contentUrl\":\"https:\\\/\\\/labrc.com\\\/wp-content\\\/uploads\\\/2022\\\/06\\\/June-28-2022-FR.jpg\",\"width\":1080,\"height\":648},{\"@type\":\"BreadcrumbList\",\"@id\":\"https:\\\/\\\/labrc.com\\\/fr\\\/event\\\/mise-a-jour-sur-les-services-de-police-des-premieres-nations-2022\\\/#breadcrumb\",\"itemListElement\":[{\"@type\":\"ListItem\",\"position\":1,\"name\":\"Home\",\"item\":\"https:\\\/\\\/labrc.com\\\/fr\\\/\"},{\"@type\":\"ListItem\",\"position\":2,\"name\":\"\u00c9v\u00e8nements\",\"item\":\"https:\\\/\\\/labrc.com\\\/fr\\\/events\\\/\"},{\"@type\":\"ListItem\",\"position\":3,\"name\":\"Mise \u00e0 jour sur les services de police des Premi\u00e8res Nations 2022\"}]},{\"@type\":\"WebSite\",\"@id\":\"https:\\\/\\\/labrc.com\\\/#website\",\"url\":\"https:\\\/\\\/labrc.com\\\/\",\"name\":\"Centre de ressources sur la gestion des terres des Premi\u00e8res Nations (CR)\",\"description\":\"The LABRC is the service delivery organization that fulfills the LAB\u2019s technical and administrative responsibilities under the Framework\",\"potentialAction\":[{\"@type\":\"SearchAction\",\"target\":{\"@type\":\"EntryPoint\",\"urlTemplate\":\"https:\\\/\\\/labrc.com\\\/?s={search_term_string}\"},\"query-input\":{\"@type\":\"PropertyValueSpecification\",\"valueRequired\":true,\"valueName\":\"search_term_string\"}}],\"inLanguage\":\"fr-CA\"}]}<\/script>\n<!-- \/ Yoast SEO plugin. -->","yoast_head_json":{"title":"Mise \u00e0 jour sur les services de police des Premi\u00e8res Nations 2022 &#8226; Centre de ressources sur la gestion des terres des Premi\u00e8res Nations (CR)","robots":{"index":"index","follow":"follow","max-snippet":"max-snippet:-1","max-image-preview":"max-image-preview:large","max-video-preview":"max-video-preview:-1"},"canonical":"https:\/\/labrc.com\/fr\/event\/mise-a-jour-sur-les-services-de-police-des-premieres-nations-2022\/","og_locale":"fr_CA","og_type":"article","og_title":"Mise \u00e0 jour sur les services de police des Premi\u00e8res Nations 2022 &#8226; Centre de ressources sur la gestion des terres des Premi\u00e8res Nations (CR)","og_description":"Conversations nationales en ligne sur les lois autochtones Sujet : Mise \u00e0 jour sur les services de police des Premi\u00e8res Nations 2022 Date : 28 juin 2022 Heure : 13h [...]","og_url":"https:\/\/labrc.com\/fr\/event\/mise-a-jour-sur-les-services-de-police-des-premieres-nations-2022\/","og_site_name":"Centre de ressources sur la gestion des terres des Premi\u00e8res Nations (CR)","article_publisher":"https:\/\/www.facebook.com\/FNLMRC\/","article_modified_time":"2022-06-17T14:17:31+00:00","og_image":[{"width":1080,"height":648,"url":"https:\/\/labrc.com\/wp-content\/uploads\/2022\/06\/June-28-2022-FR.jpg","type":"image\/jpeg"}],"twitter_card":"summary_large_image","twitter_misc":{"Estimation du temps de lecture":"1 minute"},"schema":{"@context":"https:\/\/schema.org","@graph":[{"@type":"WebPage","@id":"https:\/\/labrc.com\/fr\/event\/mise-a-jour-sur-les-services-de-police-des-premieres-nations-2022\/","url":"https:\/\/labrc.com\/fr\/event\/mise-a-jour-sur-les-services-de-police-des-premieres-nations-2022\/","name":"Mise \u00e0 jour sur les services de police des Premi\u00e8res Nations 2022 &#8226; Centre de ressources sur la gestion des terres des Premi\u00e8res Nations (CR)","isPartOf":{"@id":"https:\/\/labrc.com\/#website"},"primaryImageOfPage":{"@id":"https:\/\/labrc.com\/fr\/event\/mise-a-jour-sur-les-services-de-police-des-premieres-nations-2022\/#primaryimage"},"image":{"@id":"https:\/\/labrc.com\/fr\/event\/mise-a-jour-sur-les-services-de-police-des-premieres-nations-2022\/#primaryimage"},"thumbnailUrl":"https:\/\/labrc.com\/wp-content\/uploads\/2022\/06\/June-28-2022-FR.jpg","datePublished":"2022-06-17T14:13:12+00:00","dateModified":"2022-06-17T14:17:31+00:00","breadcrumb":{"@id":"https:\/\/labrc.com\/fr\/event\/mise-a-jour-sur-les-services-de-police-des-premieres-nations-2022\/#breadcrumb"},"inLanguage":"fr-CA","potentialAction":[{"@type":"ReadAction","target":["https:\/\/labrc.com\/fr\/event\/mise-a-jour-sur-les-services-de-police-des-premieres-nations-2022\/"]}]},{"@type":"ImageObject","inLanguage":"fr-CA","@id":"https:\/\/labrc.com\/fr\/event\/mise-a-jour-sur-les-services-de-police-des-premieres-nations-2022\/#primaryimage","url":"https:\/\/labrc.com\/wp-content\/uploads\/2022\/06\/June-28-2022-FR.jpg","contentUrl":"https:\/\/labrc.com\/wp-content\/uploads\/2022\/06\/June-28-2022-FR.jpg","width":1080,"height":648},{"@type":"BreadcrumbList","@id":"https:\/\/labrc.com\/fr\/event\/mise-a-jour-sur-les-services-de-police-des-premieres-nations-2022\/#breadcrumb","itemListElement":[{"@type":"ListItem","position":1,"name":"Home","item":"https:\/\/labrc.com\/fr\/"},{"@type":"ListItem","position":2,"name":"\u00c9v\u00e8nements","item":"https:\/\/labrc.com\/fr\/events\/"},{"@type":"ListItem","position":3,"name":"Mise \u00e0 jour sur les services de police des Premi\u00e8res Nations 2022"}]},{"@type":"WebSite","@id":"https:\/\/labrc.com\/#website","url":"https:\/\/labrc.com\/","name":"Centre de ressources sur la gestion des terres des Premi\u00e8res Nations (CR)","description":"The LABRC is the service delivery organization that fulfills the LAB\u2019s technical and administrative responsibilities under the Framework","potentialAction":[{"@type":"SearchAction","target":{"@type":"EntryPoint","urlTemplate":"https:\/\/labrc.com\/?s={search_term_string}"},"query-input":{"@type":"PropertyValueSpecification","valueRequired":true,"valueName":"search_term_string"}}],"inLanguage":"fr-CA"}]}},"_links":{"self":[{"href":"https:\/\/labrc.com\/fr\/wp-json\/wp\/v2\/tribe_events\/30016","targetHints":{"allow":["GET"]}}],"collection":[{"href":"https:\/\/labrc.com\/fr\/wp-json\/wp\/v2\/tribe_events"}],"about":[{"href":"https:\/\/labrc.com\/fr\/wp-json\/wp\/v2\/types\/tribe_events"}],"author":[{"embeddable":true,"href":"https:\/\/labrc.com\/fr\/wp-json\/wp\/v2\/users\/43"}],"version-history":[{"count":0,"href":"https:\/\/labrc.com\/fr\/wp-json\/wp\/v2\/tribe_events\/30016\/revisions"}],"wp:featuredmedia":[{"embeddable":true,"href":"https:\/\/labrc.com\/fr\/wp-json\/wp\/v2\/media\/30025"}],"wp:attachment":[{"href":"https:\/\/labrc.com\/fr\/wp-json\/wp\/v2\/media?parent=30016"}],"wp:term":[{"taxonomy":"post_tag","embeddable":true,"href":"https:\/\/labrc.com\/fr\/wp-json\/wp\/v2\/tags?post=30016"},{"taxonomy":"tribe_events_cat","embeddable":true,"href":"https:\/\/labrc.com\/fr\/wp-json\/wp\/v2\/tribe_events_cat?post=30016"}],"curies":[{"name":"wp","href":"https:\/\/api.w.org\/{rel}","templated":true}]}}

Mise à jour sur les services de police des Premières Nations 2022

<h2>Conversations nationales en ligne sur les lois autochtones</h2>
<table width="624">
<tbody>
<tr>
<td width="84">Sujet :</td>
<td width="540"><strong><em>Mise à jour sur les services de police des Premières Nations 2022</em></strong></td>
</tr>
<tr>
<td width="84">Date :</td>
<td width="540">28 juin 2022</td>
</tr>
<tr>
<td width="84">Heure :</td>
<td width="540">13h à 14h HNE</td>
</tr>
</tbody>
</table>
<h2 id="tw-target-text" class="tw-data-text tw-text-large XcVN5d tw-ta" dir="ltr" data-placeholder="Translation"><span class="Y2IQFc" lang="fr">S&rsquo;inscrire:</span></h2>
<h3 id="tw-target-text" class="tw-data-text tw-text-large XcVN5d tw-ta" dir="ltr" data-placeholder="Translation"><a href="https://NOC-FNPolicingUpdate2022.eventbrite.ca"><span class="Y2IQFc" lang="fr">Cliquez sur ce lien pour vous inscrire à l&rsquo;événement</span></a></h3>
<p>&nbsp;</p>
<h2 id="tw-target-text" class="tw-data-text tw-text-large XcVN5d tw-ta" dir="ltr" data-placeholder="Translation"><span class="Y2IQFc" lang="fr">À propos de cet événement:</span></h2>
<p>Le 28 juin de 13h à 14h HNE, des représentants de Sécurité publique Canada donneront un aperçu de la mobilisation du gouvernement du Canada à l’égard de l’élaboration conjointe d’une loi sur les services de police des Premières Nations et répondront à vos questions.</p>

<p>Conversations nationales en ligne sur les lois autochtones Sujet : Mise à jour sur les services de police des Premières Nations 2022 Date : 28 juin 2022 Heure : 13h <a href="https://labrc.com/fr/event/mise-a-jour-sur-les-services-de-police-des-premieres-nations-2022/"> [&#8230;]</a></p>

<!-- This site is optimized with the Yoast SEO plugin v27.3 - https://yoast.com/product/yoast-seo-wordpress/ -->
<title>Mise à jour sur les services de police des Premières Nations 2022 &#8226; Centre de ressources sur la gestion des terres des Premières Nations (CR)</title>
<meta name="robots" content="index, follow, max-snippet:-1, max-image-preview:large, max-video-preview:-1" />
<link rel="canonical" href="https://labrc.com/fr/event/mise-a-jour-sur-les-services-de-police-des-premieres-nations-2022/" />
<meta property="og:locale" content="fr_CA" />
<meta property="og:type" content="article" />
<meta property="og:title" content="Mise à jour sur les services de police des Premières Nations 2022 &#8226; Centre de ressources sur la gestion des terres des Premières Nations (CR)" />
<meta property="og:description" content="Conversations nationales en ligne sur les lois autochtones Sujet : Mise à jour sur les services de police des Premières Nations 2022 Date : 28 juin 2022 Heure : 13h [...]" />
<meta property="og:url" content="https://labrc.com/fr/event/mise-a-jour-sur-les-services-de-police-des-premieres-nations-2022/" />
<meta property="og:site_name" content="Centre de ressources sur la gestion des terres des Premières Nations (CR)" />
<meta property="article:publisher" content="https://www.facebook.com/FNLMRC/" />
<meta property="article:modified_time" content="2022-06-17T14:17:31+00:00" />
<meta property="og:image" content="https://labrc.com/wp-content/uploads/2022/06/June-28-2022-FR.jpg" />
	<meta property="og:image:width" content="1080" />
	<meta property="og:image:height" content="648" />
	<meta property="og:image:type" content="image/jpeg" />
<meta name="twitter:card" content="summary_large_image" />
<meta name="twitter:label1" content="Estimation du temps de lecture" />
	<meta name="twitter:data1" content="1 minute" />
<script type="application/ld+json" class="yoast-schema-graph">{"@context":"https:\/\/schema.org","@graph":[{"@type":"WebPage","@id":"https:\/\/labrc.com\/fr\/event\/mise-a-jour-sur-les-services-de-police-des-premieres-nations-2022\/","url":"https:\/\/labrc.com\/fr\/event\/mise-a-jour-sur-les-services-de-police-des-premieres-nations-2022\/","name":"Mise à jour sur les services de police des Premières Nations 2022 &#8226; Centre de ressources sur la gestion des terres des Premières Nations (CR)","isPartOf":{"@id":"https:\/\/labrc.com\/#website"},"primaryImageOfPage":{"@id":"https:\/\/labrc.com\/fr\/event\/mise-a-jour-sur-les-services-de-police-des-premieres-nations-2022\/#primaryimage"},"image":{"@id":"https:\/\/labrc.com\/fr\/event\/mise-a-jour-sur-les-services-de-police-des-premieres-nations-2022\/#primaryimage"},"thumbnailUrl":"https:\/\/labrc.com\/wp-content\/uploads\/2022\/06\/June-28-2022-FR.jpg","datePublished":"2022-06-17T14:13:12+00:00","dateModified":"2022-06-17T14:17:31+00:00","breadcrumb":{"@id":"https:\/\/labrc.com\/fr\/event\/mise-a-jour-sur-les-services-de-police-des-premieres-nations-2022\/#breadcrumb"},"inLanguage":"fr-CA","potentialAction":[{"@type":"ReadAction","target":["https:\/\/labrc.com\/fr\/event\/mise-a-jour-sur-les-services-de-police-des-premieres-nations-2022\/"]}]},{"@type":"ImageObject","inLanguage":"fr-CA","@id":"https:\/\/labrc.com\/fr\/event\/mise-a-jour-sur-les-services-de-police-des-premieres-nations-2022\/#primaryimage","url":"https:\/\/labrc.com\/wp-content\/uploads\/2022\/06\/June-28-2022-FR.jpg","contentUrl":"https:\/\/labrc.com\/wp-content\/uploads\/2022\/06\/June-28-2022-FR.jpg","width":1080,"height":648},{"@type":"BreadcrumbList","@id":"https:\/\/labrc.com\/fr\/event\/mise-a-jour-sur-les-services-de-police-des-premieres-nations-2022\/#breadcrumb","itemListElement":[{"@type":"ListItem","position":1,"name":"Home","item":"https:\/\/labrc.com\/fr\/"},{"@type":"ListItem","position":2,"name":"Évènements","item":"https:\/\/labrc.com\/fr\/events\/"},{"@type":"ListItem","position":3,"name":"Mise à jour sur les services de police des Premières Nations 2022"}]},{"@type":"WebSite","@id":"https:\/\/labrc.com\/#website","url":"https:\/\/labrc.com\/","name":"Centre de ressources sur la gestion des terres des Premières Nations (CR)","description":"The LABRC is the service delivery organization that fulfills the LAB’s technical and administrative responsibilities under the Framework","potentialAction":[{"@type":"SearchAction","target":{"@type":"EntryPoint","urlTemplate":"https:\/\/labrc.com\/?s={search_term_string}"},"query-input":{"@type":"PropertyValueSpecification","valueRequired":true,"valueName":"search_term_string"}}],"inLanguage":"fr-CA"}]}</script>
<!-- / Yoast SEO plugin. -->

Mise à jour sur les services de police des Premières Nations 2022 &#8226; Centre de ressources sur la gestion des terres des Premières Nations (CR)

Conversations nationales en ligne sur les lois autochtones Sujet : Mise à jour sur les services de police des Premières Nations 2022 Date : 28 juin 2022 Heure : 13h [...]

Centre de ressources sur la gestion des terres des Premières Nations (CR)

Évènements
